{"id":7,"date":"2020-02-06T15:43:19","date_gmt":"2020-02-06T15:43:19","guid":{"rendered":"http:\/\/www.janipetterivirta.fi\/?page_id=7"},"modified":"2021-02-22T13:45:50","modified_gmt":"2021-02-22T11:45:50","slug":"sitaehaen-12-performanssia-vedesta","status":"publish","type":"page","link":"https:\/\/www.janipetterivirta.fi\/?page_id=7","title":{"rendered":"sitaehaen (2020)"},"content":{"rendered":"\n<figure class=\"wp-block-video\"><video controls src=\"https:\/\/www.janipetterivirta.fi\/wp-content\/uploads\/2020\/02\/Alku-Beginning.mp4\"><\/video><figcaption><em>sitaehaen<br> 12 performanssia vedest\u00e4<br> 12 performances about\/of water<\/em><br><br><em>Alku \/ Beginning<\/em><br> Tammikuu 2020<br> January 2020<\/figcaption><\/figure>\n\n\n\n<hr class=\"wp-block-separator\"\/>\n\n\n\n<figure class=\"wp-block-video\"><video controls src=\"https:\/\/www.janipetterivirta.fi\/wp-content\/uploads\/2020\/02\/Ill-Sail-This-Ship-Alone_kotisivuversio.mp4\"><\/video><figcaption><em>sitaehaen<br> 12 performanssia vedest\u00e4<br> 12 performances about\/of water<\/em><br><br><em>&#8221;I&#8217;ll Sail This Ship Alone&#8221;<\/em><br> Helmikuu 2020<br> February 2020<\/figcaption><\/figure>\n\n\n\n<hr class=\"wp-block-separator\"\/>\n\n\n\n<figure class=\"wp-block-video\"><video controls src=\"https:\/\/www.janipetterivirta.fi\/wp-content\/uploads\/2020\/03\/Just-Desert.mp4\"><\/video><figcaption>s<em>itaehaen<br> 12 performanssia vedest\u00e4<br> 12 performances about\/of water<\/em><br><br><em>Just Desert<\/em><br> Maaliskuu 2020<br>March 2020<\/figcaption><\/figure>\n\n\n\n<hr class=\"wp-block-separator\"\/>\n\n\n\n<figure class=\"wp-block-video\"><video controls src=\"https:\/\/www.janipetterivirta.fi\/wp-content\/uploads\/2020\/04\/sitaehaen_E.T._pieni.mp4\"><\/video><figcaption>s<em>itaehaen<br> 12 performanssia vedest\u00e4<br> 12 performances about\/of water<\/em><br><br><em>E.T.<\/em><br> Huhtikuu 2020<br>April 2020<\/figcaption><\/figure>\n\n\n\n<hr class=\"wp-block-separator\"\/>\n\n\n\n<figure class=\"wp-block-video\"><video controls src=\"https:\/\/www.janipetterivirta.fi\/wp-content\/uploads\/2020\/06\/Hold-My-Fear_480dpi.mov\"><\/video><figcaption><em>sitaehaen<br> 12 performanssia vedest\u00e4<br> 12 performances about\/of water<\/em><br><br><em>Hold My Fear<\/em><br> Toukokuu 2020<br> May 2020<br>(originally performed live on Instagram)<\/figcaption><\/figure>\n\n\n\n<hr class=\"wp-block-separator\"\/>\n\n\n\n<figure class=\"wp-block-video\"><video controls src=\"https:\/\/www.janipetterivirta.fi\/wp-content\/uploads\/2020\/06\/iwebeenblindtoyourbeautyfortoolong_480dpi.mov\"><\/video><figcaption><em>sitaehaen<br> 12 performanssia vedest\u00e4<br> 12 performances about\/of water<\/em><br><br><em>&#8221;I&#8217;ve Been Blind To Your Beauty For Too Long&#8221;<\/em><br> Kes\u00e4kuu 2020<br> June 2020<br><br>(taiteellista ty\u00f6t\u00e4 on performanssin aikana tukenut Taiteen edist\u00e4miskeskus)<br>(artistic work at the time of the performance was supported by Arts Promotion Centre Finland)<\/figcaption><\/figure>\n\n\n\n<hr class=\"wp-block-separator\"\/>\n\n\n\n<figure class=\"wp-block-embed-youtube wp-block-embed is-type-video is-provider-youtube wp-embed-aspect-16-9 wp-has-aspect-ratio\"><div class=\"wp-block-embed__wrapper\">\n<iframe loading=\"lazy\" title=\"[sitaehaen] &quot;And now I wake&quot; by Jani Petteri Virta &amp; Veera Lohiniva\" width=\"640\" height=\"360\" src=\"https:\/\/www.youtube.com\/embed\/TDrE3o6qDtY?feature=oembed\" frameborder=\"0\" allow=\"accelerometer; autoplay; clipboard-write; encrypted-media; gyroscope; picture-in-picture; web-share\" referrerpolicy=\"strict-origin-when-cross-origin\" allowfullscreen><\/iframe>\n<\/div><figcaption><em>sitaehaen<br>12 performanssia vedest\u00e4<br> 12 performances about\/of water<\/em><br><br><em>&#8221;And now I wake&#8221;<\/em><br> Hein\u00e4kuu 2020<br> July 2020<br><br>A collaborative piece with Veera Lohiniva.<br><br>Intro performance done on July 4th in Turku.<br> Part I done on July 9th in Turku.<br><br>(taiteellista ty\u00f6t\u00e4 on performanssin aikana tukenut Taiteen edist\u00e4miskeskus)<br>(artistic work at the time of the performance was supported by Arts Promotion Centre Finland)<\/figcaption><\/figure>\n\n\n\n<hr class=\"wp-block-separator\"\/>\n\n\n\n<figure class=\"wp-block-video\"><video controls src=\"https:\/\/www.janipetterivirta.fi\/wp-content\/uploads\/2020\/08\/sitaehaen_wather_720dpi.mov\"><\/video><figcaption><em>sitaehaen<br> 12 performanssia vedest\u00e4<br> 12 performances about\/of water<\/em><br><br><em>wather \u2013 rekonstruktio<\/em> \/ a reconstruction<br> Elokuu 2020<br> August 2020<\/figcaption><\/figure>\n\n\n\n<hr class=\"wp-block-separator\"\/>\n\n\n\n<figure class=\"wp-block-video\"><video controls src=\"https:\/\/www.janipetterivirta.fi\/wp-content\/uploads\/2020\/09\/Oh-dear-Deadline-Whats-next-Wet-T-shirt_matala_480dpi.mov\"><\/video><figcaption><em>sitaehaen<br> 12 performanssia vedest\u00e4<br> 12 performances about\/of water<\/em><br><br><em>Oh dear! Deadline?! What&#8217;s next!? Wet T-shirt?!?<\/em><br> Syyskuu 2020<br> September 2020<\/figcaption><\/figure>\n\n\n\n<hr class=\"wp-block-separator\"\/>\n\n\n\n<figure class=\"wp-block-embed-youtube wp-block-embed is-type-video is-provider-youtube wp-embed-aspect-16-9 wp-has-aspect-ratio\"><div class=\"wp-block-embed__wrapper\">\n<iframe loading=\"lazy\" title=\"[sitaehaen] Niin sanottu epa\u0308onnistuminen \/ So-called failure\" width=\"640\" height=\"360\" src=\"https:\/\/www.youtube.com\/embed\/PQMZ6mR-oBI?feature=oembed\" frameborder=\"0\" allow=\"accelerometer; autoplay; clipboard-write; encrypted-media; gyroscope; picture-in-picture; web-share\" referrerpolicy=\"strict-origin-when-cross-origin\" allowfullscreen><\/iframe>\n<\/div><figcaption><em>sitaehaen<br> 12 performanssia vedest\u00e4<br> 12 performances about\/of water<\/em><br><br><em>Niin sanottu ep\u00e4onnistuminen (j\u00e4lkik\u00e4teen ajatellen) \/ So-Called Failure<\/em> (in hindsight)<br> Lokakuu 2020<br> October 2020<\/figcaption><\/figure>\n\n\n\n<hr class=\"wp-block-separator\"\/>\n\n\n\n<figure class=\"wp-block-video\"><video controls src=\"https:\/\/www.janipetterivirta.fi\/wp-content\/uploads\/2021\/02\/PensacolaFlorida.mp4\"><\/video><figcaption><em>sitaehaen<br> 12 performanssia vedest\u00e4<br> 12 performances about\/of water<\/em><br><br><em>Pensacola, Florida<\/em><br> Marraskuu 2020<br> November 2020<\/figcaption><\/figure>\n\n\n\n<hr class=\"wp-block-separator\"\/>\n\n\n\n<figure class=\"wp-block-video\"><video controls src=\"https:\/\/www.janipetterivirta.fi\/wp-content\/uploads\/2021\/02\/sitaehaen_Ilmapalloa-puhaltava-performanssitaiteilija_480dpi.mov\"><\/video><figcaption><em>sitaehaen<br> 12 performanssia vedest\u00e4<br> 12 performances about\/of water<\/em><br><br><em>Ilmapalloa puhaltava performanssitaiteilija tanssii Richard Hawley&#8217;n &#8221;The Ocean&#8221;-kappaleen tahtiin merenrannalla uudenvuodenaattona ep\u00e4m\u00e4\u00e4r\u00e4iskasvoisen, ommellun kissan kanssa (ilmojen p\u00e4\u00e4t) \/ A Balloon-blowing Performance Artist Dances to Richard Hawley&#8217;s &#8221;The Ocean&#8221; with an Obscure-faced, Sewn Cat By the Sea on New Year&#8217;s Eve (heads of air)<\/em><br> Joulukuu 2020<br> December 2020<\/figcaption><\/figure>\n","protected":false},"excerpt":{"rendered":"","protected":false},"author":1,"featured_media":0,"parent":0,"menu_order":0,"comment_status":"closed","ping_status":"closed","template":"","meta":{"footnotes":""},"_links":{"self":[{"href":"https:\/\/www.janipetterivirta.fi\/index.php?rest_route=\/wp\/v2\/pages\/7"}],"collection":[{"href":"https:\/\/www.janipetterivirta.fi\/index.php?rest_route=\/wp\/v2\/pages"}],"about":[{"href":"https:\/\/www.janipetterivirta.fi\/index.php?rest_route=\/wp\/v2\/types\/page"}],"author":[{"embeddable":true,"href":"https:\/\/www.janipetterivirta.fi\/index.php?rest_route=\/wp\/v2\/users\/1"}],"replies":[{"embeddable":true,"href":"https:\/\/www.janipetterivirta.fi\/index.php?rest_route=%2Fwp%2Fv2%2Fcomments&post=7"}],"version-history":[{"count":17,"href":"https:\/\/www.janipetterivirta.fi\/index.php?rest_route=\/wp\/v2\/pages\/7\/revisions"}],"predecessor-version":[{"id":212,"href":"https:\/\/www.janipetterivirta.fi\/index.php?rest_route=\/wp\/v2\/pages\/7\/revisions\/212"}],"wp:attachment":[{"href":"https:\/\/www.janipetterivirta.fi\/index.php?rest_route=%2Fwp%2Fv2%2Fmedia&parent=7"}],"curies":[{"name":"wp","href":"https:\/\/api.w.org\/{rel}","templated":true}]}}