{"id":213,"date":"2021-02-22T14:51:24","date_gmt":"2021-02-22T12:51:24","guid":{"rendered":"http:\/\/www.janipetterivirta.fi\/?page_id=213"},"modified":"2021-02-22T14:59:51","modified_gmt":"2021-02-22T12:59:51","slug":"the-janiness-of-jani-2020","status":"publish","type":"page","link":"https:\/\/www.janipetterivirta.fi\/?page_id=213","title":{"rendered":"The Janiness of Jani (2020)"},"content":{"rendered":"\n<p>  P-galleria, Pori, 17.10.\u20131.11.2020 <\/p>\n\n\n\n<p class=\"has-text-align-center has-small-font-size\"><em>Minun j\u00e4lkeeni ollut on niin vaikeaa,<\/em><br><em>seuralaisia riitt\u00e4nyt on, mutt\u2019 et mit\u00e4\u00e4n saa. <\/em><\/p>\n\n\n\n<p><em>The Janiness of Jani <\/em>on taiteilijapuhetta. Se on n\u00e4yttelyinstallaatio, joka koostuu Jani Petteri Virran \u00e4\u00e4ni- ja videoteoksista, omakuvista sek\u00e4 yll\u00e4tyselementeist\u00e4. Digitaalinen ja analoginen sulautuu k\u00e4sintehtyyn, tekstit taktuaalisiin materiaaleihin ja k\u00e4sitetaide paljaaseen itseihailuun. Kokonaisuuden henki haetaan englantilaisen taiteilijan Joshua Sofaerin vuonna 2013 lanseeraamasta k\u00e4sitteest\u00e4 <em>the Janiness of Jani<\/em>. Kaiken ei tarvitse kertoa Janista, mutta olla Jania. <\/p>\n\n\n\n<p><em>The Janiness of Jani <\/em>on poptaidetta \u2013 populaarein n\u00e4yttely Porissa vuonna 2020. Mik\u00e4\u00e4n muu ei olisi Jani Petteri Virran arvoista, ei mik\u00e4\u00e4n. Janius on mies, taiteilija ja miestaiteilija, joka ottaa kantaa ja viihdytt\u00e4\u00e4. Jani ottaa itsens\u00e4 vakavasti. <\/p>\n\n\n\n<figure class=\"wp-block-image size-large\"><img loading=\"lazy\" decoding=\"async\" width=\"723\" height=\"1024\" src=\"https:\/\/www.janipetterivirta.fi\/wp-content\/uploads\/2021\/02\/kotisivu_teosluettelo-723x1024.jpg\" alt=\"\" class=\"wp-image-223\" srcset=\"https:\/\/www.janipetterivirta.fi\/wp-content\/uploads\/2021\/02\/kotisivu_teosluettelo-723x1024.jpg 723w, https:\/\/www.janipetterivirta.fi\/wp-content\/uploads\/2021\/02\/kotisivu_teosluettelo-212x300.jpg 212w, https:\/\/www.janipetterivirta.fi\/wp-content\/uploads\/2021\/02\/kotisivu_teosluettelo-768x1087.jpg 768w, https:\/\/www.janipetterivirta.fi\/wp-content\/uploads\/2021\/02\/kotisivu_teosluettelo-1085x1536.jpg 1085w, https:\/\/www.janipetterivirta.fi\/wp-content\/uploads\/2021\/02\/kotisivu_teosluettelo.jpg 1239w\" sizes=\"(max-width: 723px) 100vw, 723px\" \/><\/figure>\n\n\n\n<figure class=\"wp-block-image size-large\"><img loading=\"lazy\" decoding=\"async\" width=\"768\" height=\"1024\" src=\"https:\/\/www.janipetterivirta.fi\/wp-content\/uploads\/2021\/02\/kotisivu_400hera\u0308a\u0308mista\u0308-768x1024.jpg\" alt=\"\" class=\"wp-image-215\" srcset=\"https:\/\/www.janipetterivirta.fi\/wp-content\/uploads\/2021\/02\/kotisivu_400hera\u0308a\u0308mista\u0308-768x1024.jpg 768w, https:\/\/www.janipetterivirta.fi\/wp-content\/uploads\/2021\/02\/kotisivu_400hera\u0308a\u0308mista\u0308-225x300.jpg 225w, https:\/\/www.janipetterivirta.fi\/wp-content\/uploads\/2021\/02\/kotisivu_400hera\u0308a\u0308mista\u0308-1152x1536.jpg 1152w, https:\/\/www.janipetterivirta.fi\/wp-content\/uploads\/2021\/02\/kotisivu_400hera\u0308a\u0308mista\u0308-1536x2048.jpg 1536w, https:\/\/www.janipetterivirta.fi\/wp-content\/uploads\/2021\/02\/kotisivu_400hera\u0308a\u0308mista\u0308-scaled.jpg 1920w\" sizes=\"(max-width: 768px) 100vw, 768px\" \/><figcaption>Otteita sarjasta <em>400 her\u00e4\u00e4mist\u00e4 2013\u201314<\/em> | tuloste | 2016 <br>Excerpts from 400 Awakenings <em>2013\u201314<\/em> | print | 2016 <\/figcaption><\/figure>\n\n\n\n<figure class=\"wp-block-image size-large\"><img loading=\"lazy\" decoding=\"async\" width=\"768\" height=\"1024\" src=\"https:\/\/www.janipetterivirta.fi\/wp-content\/uploads\/2021\/02\/kotisivu_janinukke-768x1024.jpg\" alt=\"\" class=\"wp-image-216\" srcset=\"https:\/\/www.janipetterivirta.fi\/wp-content\/uploads\/2021\/02\/kotisivu_janinukke-768x1024.jpg 768w, https:\/\/www.janipetterivirta.fi\/wp-content\/uploads\/2021\/02\/kotisivu_janinukke-225x300.jpg 225w, https:\/\/www.janipetterivirta.fi\/wp-content\/uploads\/2021\/02\/kotisivu_janinukke-1152x1536.jpg 1152w, https:\/\/www.janipetterivirta.fi\/wp-content\/uploads\/2021\/02\/kotisivu_janinukke-1536x2048.jpg 1536w, https:\/\/www.janipetterivirta.fi\/wp-content\/uploads\/2021\/02\/kotisivu_janinukke-scaled.jpg 1920w\" sizes=\"(max-width: 768px) 100vw, 768px\" \/><figcaption><em>Jani<\/em><strong> <\/strong>| sekatekniikka | 2020 <br><em>Jani<\/em> | mixed media | 2020 <br><em>ilmeisesti nimet\u00f6n<\/em><strong> <\/strong>| kangas, lanka, vanu | 2020 <br><em>apparently nameless<\/em> | cloth, thread, wadding | 2020 <\/figcaption><\/figure>\n\n\n\n<figure class=\"wp-block-image size-large\"><img loading=\"lazy\" decoding=\"async\" width=\"1024\" height=\"768\" src=\"https:\/\/www.janipetterivirta.fi\/wp-content\/uploads\/2021\/02\/kotisivu_omakuva2-1024x768.jpg\" alt=\"\" class=\"wp-image-218\" srcset=\"https:\/\/www.janipetterivirta.fi\/wp-content\/uploads\/2021\/02\/kotisivu_omakuva2-1024x768.jpg 1024w, https:\/\/www.janipetterivirta.fi\/wp-content\/uploads\/2021\/02\/kotisivu_omakuva2-300x225.jpg 300w, https:\/\/www.janipetterivirta.fi\/wp-content\/uploads\/2021\/02\/kotisivu_omakuva2-768x576.jpg 768w, https:\/\/www.janipetterivirta.fi\/wp-content\/uploads\/2021\/02\/kotisivu_omakuva2-1536x1152.jpg 1536w, https:\/\/www.janipetterivirta.fi\/wp-content\/uploads\/2021\/02\/kotisivu_omakuva2-2048x1536.jpg 2048w\" sizes=\"(max-width: 1024px) 100vw, 1024px\" \/><\/figure>\n\n\n\n<figure class=\"wp-block-image size-large\"><img loading=\"lazy\" decoding=\"async\" width=\"1024\" height=\"768\" src=\"https:\/\/www.janipetterivirta.fi\/wp-content\/uploads\/2021\/02\/kotisivu_omakuva4-1024x768.jpg\" alt=\"\" class=\"wp-image-219\" srcset=\"https:\/\/www.janipetterivirta.fi\/wp-content\/uploads\/2021\/02\/kotisivu_omakuva4-1024x768.jpg 1024w, https:\/\/www.janipetterivirta.fi\/wp-content\/uploads\/2021\/02\/kotisivu_omakuva4-300x225.jpg 300w, https:\/\/www.janipetterivirta.fi\/wp-content\/uploads\/2021\/02\/kotisivu_omakuva4-768x576.jpg 768w, https:\/\/www.janipetterivirta.fi\/wp-content\/uploads\/2021\/02\/kotisivu_omakuva4-1536x1152.jpg 1536w, https:\/\/www.janipetterivirta.fi\/wp-content\/uploads\/2021\/02\/kotisivu_omakuva4-2048x1536.jpg 2048w\" sizes=\"(max-width: 1024px) 100vw, 1024px\" \/><\/figure>\n\n\n\n<figure class=\"wp-block-image size-large is-resized\"><img loading=\"lazy\" decoding=\"async\" src=\"https:\/\/www.janipetterivirta.fi\/wp-content\/uploads\/2021\/02\/kotisivu_omakuva1-1024x768.jpg\" alt=\"\" class=\"wp-image-217\" width=\"579\" height=\"434\" srcset=\"https:\/\/www.janipetterivirta.fi\/wp-content\/uploads\/2021\/02\/kotisivu_omakuva1-1024x768.jpg 1024w, https:\/\/www.janipetterivirta.fi\/wp-content\/uploads\/2021\/02\/kotisivu_omakuva1-300x225.jpg 300w, https:\/\/www.janipetterivirta.fi\/wp-content\/uploads\/2021\/02\/kotisivu_omakuva1-768x576.jpg 768w, https:\/\/www.janipetterivirta.fi\/wp-content\/uploads\/2021\/02\/kotisivu_omakuva1-1536x1152.jpg 1536w, https:\/\/www.janipetterivirta.fi\/wp-content\/uploads\/2021\/02\/kotisivu_omakuva1-2048x1536.jpg 2048w\" sizes=\"(max-width: 579px) 100vw, 579px\" \/><figcaption><em>Kuvia Jani Petteri Virrasta<\/em><strong> <\/strong>| valokuva (kuvat: Jani Petteri Virta ja Joni K\u00e4rki) | 2020 <br><em>Pictures of Jani Petteri Virta<\/em> | photos by Jani Petteri Virta and Joni K\u00e4rki | 2020 <\/figcaption><\/figure>\n\n\n\n<figure class=\"wp-block-image size-large\"><img loading=\"lazy\" decoding=\"async\" width=\"768\" height=\"1024\" src=\"https:\/\/www.janipetterivirta.fi\/wp-content\/uploads\/2021\/02\/kotisivu_postimerkki-768x1024.jpg\" alt=\"\" class=\"wp-image-220\" srcset=\"https:\/\/www.janipetterivirta.fi\/wp-content\/uploads\/2021\/02\/kotisivu_postimerkki-768x1024.jpg 768w, https:\/\/www.janipetterivirta.fi\/wp-content\/uploads\/2021\/02\/kotisivu_postimerkki-225x300.jpg 225w, https:\/\/www.janipetterivirta.fi\/wp-content\/uploads\/2021\/02\/kotisivu_postimerkki-1152x1536.jpg 1152w, https:\/\/www.janipetterivirta.fi\/wp-content\/uploads\/2021\/02\/kotisivu_postimerkki-1536x2048.jpg 1536w, https:\/\/www.janipetterivirta.fi\/wp-content\/uploads\/2021\/02\/kotisivu_postimerkki-scaled.jpg 1920w\" sizes=\"(max-width: 768px) 100vw, 768px\" \/><figcaption><em>Suomi Finland<\/em><strong> <\/strong>| postimerkki | 2020 (kuva: Eino Nurmisto (2016)) <br>S<em>uomi Finland<\/em> | stamp | 2020 (original photo by Eino Nurmisto (2016)) <\/figcaption><\/figure>\n\n\n\n<figure class=\"wp-block-image size-large\"><img loading=\"lazy\" decoding=\"async\" width=\"640\" height=\"1024\" src=\"https:\/\/www.janipetterivirta.fi\/wp-content\/uploads\/2021\/02\/kotisivu_500omakuvaa-640x1024.jpg\" alt=\"\" class=\"wp-image-221\" srcset=\"https:\/\/www.janipetterivirta.fi\/wp-content\/uploads\/2021\/02\/kotisivu_500omakuvaa-640x1024.jpg 640w, https:\/\/www.janipetterivirta.fi\/wp-content\/uploads\/2021\/02\/kotisivu_500omakuvaa-188x300.jpg 188w, https:\/\/www.janipetterivirta.fi\/wp-content\/uploads\/2021\/02\/kotisivu_500omakuvaa-768x1229.jpg 768w, https:\/\/www.janipetterivirta.fi\/wp-content\/uploads\/2021\/02\/kotisivu_500omakuvaa-960x1536.jpg 960w, https:\/\/www.janipetterivirta.fi\/wp-content\/uploads\/2021\/02\/kotisivu_500omakuvaa.jpg 1005w\" sizes=\"(max-width: 640px) 100vw, 640px\" \/><figcaption><em>500 omakuvaa<\/em><strong> <\/strong>| lyijykyn\u00e4 ja tussi paperille | 2020<br><em>500 Self-portraits<\/em> | pencil and marker pen on paper | 2020<\/figcaption><\/figure>\n\n\n\n<figure class=\"wp-block-image size-large\"><img loading=\"lazy\" decoding=\"async\" width=\"1024\" height=\"768\" src=\"https:\/\/www.janipetterivirta.fi\/wp-content\/uploads\/2021\/02\/kotisivu_na\u0308yttelytiedotteet-1024x768.jpg\" alt=\"\" class=\"wp-image-222\" srcset=\"https:\/\/www.janipetterivirta.fi\/wp-content\/uploads\/2021\/02\/kotisivu_na\u0308yttelytiedotteet-1024x768.jpg 1024w, https:\/\/www.janipetterivirta.fi\/wp-content\/uploads\/2021\/02\/kotisivu_na\u0308yttelytiedotteet-300x225.jpg 300w, https:\/\/www.janipetterivirta.fi\/wp-content\/uploads\/2021\/02\/kotisivu_na\u0308yttelytiedotteet-768x576.jpg 768w, https:\/\/www.janipetterivirta.fi\/wp-content\/uploads\/2021\/02\/kotisivu_na\u0308yttelytiedotteet-1536x1152.jpg 1536w, https:\/\/www.janipetterivirta.fi\/wp-content\/uploads\/2021\/02\/kotisivu_na\u0308yttelytiedotteet-2048x1536.jpg 2048w\" sizes=\"(max-width: 1024px) 100vw, 1024px\" \/><figcaption>N\u00e4yttelytiedotteet (8 versiota) \/ Exhibition infos (8 different)<\/figcaption><\/figure>\n\n\n\n<figure class=\"wp-block-image size-large\"><img loading=\"lazy\" decoding=\"async\" width=\"1024\" height=\"511\" src=\"https:\/\/www.janipetterivirta.fi\/wp-content\/uploads\/2021\/02\/kotisivu_playa_rajaus-1024x511.jpg\" alt=\"\" class=\"wp-image-214\" srcset=\"https:\/\/www.janipetterivirta.fi\/wp-content\/uploads\/2021\/02\/kotisivu_playa_rajaus-1024x511.jpg 1024w, https:\/\/www.janipetterivirta.fi\/wp-content\/uploads\/2021\/02\/kotisivu_playa_rajaus-300x150.jpg 300w, https:\/\/www.janipetterivirta.fi\/wp-content\/uploads\/2021\/02\/kotisivu_playa_rajaus-768x384.jpg 768w, https:\/\/www.janipetterivirta.fi\/wp-content\/uploads\/2021\/02\/kotisivu_playa_rajaus-1536x767.jpg 1536w, https:\/\/www.janipetterivirta.fi\/wp-content\/uploads\/2021\/02\/kotisivu_playa_rajaus-2048x1023.jpg 2048w\" sizes=\"(max-width: 1024px) 100vw, 1024px\" \/><figcaption>Performanssin j\u00e4lkeen n\u00e4yttelyn viimeisen\u00e4 p\u00e4iv\u00e4n\u00e4 \/ After the performance on the final day of the exhibition<\/figcaption><\/figure>\n\n\n\n<figure class=\"wp-block-embed-youtube wp-block-embed is-type-video is-provider-youtube wp-embed-aspect-16-9 wp-has-aspect-ratio\"><div class=\"wp-block-embed__wrapper\">\n<iframe loading=\"lazy\" title=\"Era\u0308a\u0308n videon anatomia (2020)\" width=\"640\" height=\"360\" src=\"https:\/\/www.youtube.com\/embed\/jvyrQLTmEWk?feature=oembed\" frameborder=\"0\" allow=\"accelerometer; autoplay; clipboard-write; encrypted-media; gyroscope; picture-in-picture; web-share\" referrerpolicy=\"strict-origin-when-cross-origin\" allowfullscreen><\/iframe>\n<\/div><figcaption><em>Er\u00e4\u00e4n videon anatomia<\/em> | video | 2020<br>osa koostetta <em>The Janiness of Jani video collection 2020<\/em><strong> <\/strong>| video, kesto 1:14:39 | 2020 <br><em>Er\u00e4\u00e4n videon anatomia<\/em> | video | 2020<br>a part of <em>The Janiness of Jani video collection 2020<\/em> | video, duration 1:14:39 | 2020 <\/figcaption><\/figure>\n\n\n\n<figure class=\"wp-block-embed-youtube wp-block-embed is-type-video is-provider-youtube wp-embed-aspect-16-9 wp-has-aspect-ratio\"><div class=\"wp-block-embed__wrapper\">\nhttps:\/\/www.youtube.com\/watch?v=fMLClEmn5mU\n<\/div><figcaption><em>Tehd\u00e4\u00e4n Jani Petteri Virta -performansseja -esitelm\u00e4<\/em> | video | 2020<\/figcaption><\/figure>\n\n\n\n<figure class=\"wp-block-embed-youtube wp-block-embed is-type-video is-provider-youtube wp-embed-aspect-16-9 wp-has-aspect-ratio\"><div class=\"wp-block-embed__wrapper\">\n<iframe loading=\"lazy\" title=\"&quot;Master of Magnetism&quot;: an origin story (2020)\" width=\"640\" height=\"360\" src=\"https:\/\/www.youtube.com\/embed\/vmvkxv0awHc?feature=oembed\" frameborder=\"0\" allow=\"accelerometer; autoplay; clipboard-write; encrypted-media; gyroscope; picture-in-picture; web-share\" referrerpolicy=\"strict-origin-when-cross-origin\" allowfullscreen><\/iframe>\n<\/div><figcaption><em>&#8221;Master of Magnetism&#8221;: an origin story<\/em> | performanssi | 2020<br><em>&#8221;Master of Magnetism&#8221;: an origin story<\/em> | performance | 2020<\/figcaption><\/figure>\n","protected":false},"excerpt":{"rendered":"<p>P-galleria, Pori, 17.10.\u20131.11.2020 Minun j\u00e4lkeeni ollut on niin vaikeaa,seuralaisia riitt\u00e4nyt on, mutt\u2019 et mit\u00e4\u00e4n saa. The Janiness of Jani on taiteilijapuhetta. Se on n\u00e4yttelyinstallaatio, joka koostuu Jani Petteri Virran \u00e4\u00e4ni- ja videoteoksista, omakuvista sek\u00e4 yll\u00e4tyselementeist\u00e4. Digitaalinen ja analoginen sulautuu k\u00e4sintehtyyn, tekstit taktuaalisiin materiaaleihin ja k\u00e4sitetaide paljaaseen itseihailuun. Kokonaisuuden henki haetaan englantilaisen taiteilijan Joshua Sofaerin vuonna &hellip; <\/p>\n<p class=\"link-more\"><a href=\"https:\/\/www.janipetterivirta.fi\/?page_id=213\" class=\"more-link\">More<span class=\"screen-reader-text\"> &#8221;The Janiness of Jani (2020)&#8221;<\/span><\/a><\/p>\n","protected":false},"author":1,"featured_media":0,"parent":0,"menu_order":0,"comment_status":"closed","ping_status":"closed","template":"","meta":{"footnotes":""},"_links":{"self":[{"href":"https:\/\/www.janipetterivirta.fi\/index.php?rest_route=\/wp\/v2\/pages\/213"}],"collection":[{"href":"https:\/\/www.janipetterivirta.fi\/index.php?rest_route=\/wp\/v2\/pages"}],"about":[{"href":"https:\/\/www.janipetterivirta.fi\/index.php?rest_route=\/wp\/v2\/types\/page"}],"author":[{"embeddable":true,"href":"https:\/\/www.janipetterivirta.fi\/index.php?rest_route=\/wp\/v2\/users\/1"}],"replies":[{"embeddable":true,"href":"https:\/\/www.janipetterivirta.fi\/index.php?rest_route=%2Fwp%2Fv2%2Fcomments&post=213"}],"version-history":[{"count":3,"href":"https:\/\/www.janipetterivirta.fi\/index.php?rest_route=\/wp\/v2\/pages\/213\/revisions"}],"predecessor-version":[{"id":226,"href":"https:\/\/www.janipetterivirta.fi\/index.php?rest_route=\/wp\/v2\/pages\/213\/revisions\/226"}],"wp:attachment":[{"href":"https:\/\/www.janipetterivirta.fi\/index.php?rest_route=%2Fwp%2Fv2%2Fmedia&parent=213"}],"curies":[{"name":"wp","href":"https:\/\/api.w.org\/{rel}","templated":true}]}}